) = s**3 - 50*s**2 + s - 55. What is r(50)?
-5
Let s(b) = -b**2 + b - 16. What is s(0)?
-16
Let h(d) = 6*d**2 - 2*d - 7. Calculate h(3).
41
Let n(d) = -d**2 + 7*d - 2. What is n(9)?
-20
Let d(i) = 2*i**2 + 31*i - 18. Give d(-16).
-2
Let w(z) = -z**3 - 6*z**2 - 2*z - 15. What is w(-6)?
-3
Let j(r) = -r**3 + 7*r**2 + 9*r - 1. What is j(8)?
7
Let w(n) = -3*n**2 + 27*n - 11. Determine w(9).
-11
Let w(q) = -q**2 + 14*q - 22. Calculate w(4).
18
Let g(r) = r**3 - 9*r**2 - 2*r + 11. What is g(9)?
-7
Let m(v) = v + 28. Calculate m(-9).
19
Let v(l) = l**3 - 4*l**2 - 7*l + 12. Give v(7).
110
Let t(d) = d**3 + 8*d**2 - 7*d + 3. What is t(-9)?
-15
Let l(v) = -v**2 + 34*v - 24. Determine l(33).
9
Let p(n) = -n**3 + 17*n**2 - 72*n + 13. Determine p(9).
13
Let j(z) = 4*z - 196. What is j(47)?
-8
Let n(o) = o**3 + 2*o**2 - 6*o + 6. Give n(-5).
-39
Let z(i) = 13*i - 1. Calculate z(-1).
-14
Let k(c) = -c**3 + 5*c**2 - 3*c - 7. Calculate k(4).
-3
Let a(p) = -p**3 + 9*p**2 - 12*p + 14. Calculate a(8).
-18
Let m(p) = -p**2 - 7*p + 3. Determine m(-9).
-15
Let w(u) = u**2 - u + 6. Give w(0).
6
Let r(w) = 2*w**3 - 14*w**2 + 4*w - 20. Give r(7).
8
Let d(s) = -s**2 + 30*s - 164. What is d(13)?
57
Let w(n) = -n**2 + 7*n + 73. What is w(-6)?
-5
Let z(d) = -d**3 - 2*d**2 + 5*d - 1. What is z(-5)?
49
Let s(r) = -30*r - 2. Give s(-1).
28
Let n(l) = 95*l + 666. Calculate n(-7).
1
Let a(c) = 9*c**3 + 4*c**2 + 15*c + 13. What is a(-1)?
-7
Let m(l) = -19*l - 22. Calculate m(-4).
54
Let t(s) = -s**2 - 10*s - 8. Calculate t(-9).
1
Let n(o) = -6*o**2 - o. Calculate n(-2).
-22
Let k(h) = -5*h**2 - h. Give k(1).
-6
Let d(x) = -12*x + 1. Determine d(1).
-11
Let z(a) = -a**3 + 6*a**2 - 2*a - 7. Give z(4).
17
Let t(y) = 3*y**3 - 2*y**2 - 9*y - 7. What is t(4)?
117
Let k(s) = -19*s - 174. Determine k(-10).
16
Let k(q) = -q + 2. What is k(0)?
2
Let l(w) = -2*w**2 + 14*w - 14. Give l(1).
-2
Let v(u) = u**3 - 2*u**2 - u + 6. Determine v(2).
4
Let w(p) = -p**2 - 15*p - 6. Give w(-12).
30
Let k(t) = -t**3 - 17*t**2 + 8. Determine k(-17).
8
Let h(y) = 6*y**2 + 13*y + 3. Calculate h(-3).
18
Let i(z) = -4*z**2 - 13*z + 2. What is i(-3)?
5
Let p(w) = w**2 + w - 21. Give p(0).
-21
Let m(d) = d**2 - 7*d - 7. Give m(-5).
53
Let n(j) = 10*j - 84. Calculate n(10).
16
Let f(r) = -r**3 + 8*r**2 - 28*r + 156. Calculate f(7).
9
Let j(y) = -2*y**3 + 23*y**2 + 12*y + 3. What is j(12)?
3
Let p(n) = n**3 + 19*n**2 + 34*n + 2. Give p(-17).
2
Let p(g) = -2*g - 1. Calculate p(-8).
15
Let t(b) = -b**2 + 9*b + 3. Give t(6).
21
Let g(l) = -10*l**3 + 2*l**2 - 3*l + 4. Give g(2).
-74
Let h(u) = 3*u**2 - 5*u - 11. Determine h(5).
39
Let z(a) = 3*a - 6. Determine z(2).
0
Let s(m) = -m**2 - 18*m + 4. Determine s(-14).
60
Let l(x) = -x**2 + 5*x + 41. Give l(10).
-9
Let s(r) = r**3 - 13*r**2 - 37*r - 4. Give s(15).
-109
Let q(c) = 7*c + 7. Give q(-1).
0
Let t(i) = 2*i + 31. What is t(16)?
63
Let p(g) = -g - 11. Give p(-9).
-2
Let o(r) = r**3 + 9*r**2 + 12*r - 13. Give o(-5).
27
Let q(t) = 54*t**3 - t**2 - t. Determine q(-1).
-54
Let m(i) = i**2 - 5*i - 2. What is m(7)?
12
Let o(n) = -n**2 + 58*n - 172. What is o(55)?
-7
Let q(m) = m**2 - 4*m - 5. Give q(7).
16
Let c(t) = 5*t - 15. Determine c(9).
30
Let r(l) = -19*l + 30. Determine r(5).
-65
Let b(i) = -i**2 + 6*i + 15. Determine b(7).
8
Let r(z) = -z - 7. Give r(-5).
-2
Let y(h) = -h**3 - 11*h**2 + 14*h - 3. What is y(-12)?
-27
Let t(u) = -2*u + 41. Determine t(5).
31
Let s(o) = o**3 + 3*o**2 - o - 14. Determine s(0).
-14
Let j(c) = 3*c - 3. Calculate j(4).
9
Let t(h) = -3*h**2 - 4*h - 75. Give t(0).
-75
Let a(r) = -34*r + 219. Calculate a(7).
-19
Let o(a) = -2*a**3 - 44*a**2 - 2*a - 54. What is o(-22)?
-10
Let a(o) = -4*o - 30. Calculate a(-7).
-2
Let b(j) = j**3 + 10*j**2 + 7*j - 8. Calculate b(-9).
10
Let w(z) = -z - 38. Give w(-26).
-12
Let s(v) = v**3 - 10*v**2 - 11*v + 2. Calculate s(11).
2
Let i(t) = t**2 - 21*t - 49. Give i(23).
-3
Let v(p) = p**2 + 2*p + 1. What is v(-3)?
4
Let n(p) = -3*p - 29. Give n(-13).
10
Let k(n) = -n**3 + 19*n**2 - n - 14. Determine k(19).
-33
Let s(u) = 3*u + 7. What is s(5)?
22
Let n(u) = -12*u - 54. Calculate n(-5).
6
Let k(j) = j**3 + 8*j**2 - 4. Determine k(-6).
68
Let c(y) = -y**3 - 5*y**2 + 8*y + 25. Calculate c(-2).
-3
Let v(c) = -c**3 + 8*c**2 - 4*c + 34. What is v(8)?
2
Let q(h) = h**3 + 3*h**2 - 3*h + 21. What is q(-5)?
-14
Let f(m) = -m**2 + 22*m + 40. Give f(23).
17
Let o(i) = -3*i**2 - 90*i + 2. Give o(-30).
2
Let r(v) = -v**2 + 8*v + 5. Determine r(8).
5
Let k(w) = 15*w - 2. Give k(-1).
-17
Let g(h) = 2*h**2 + 6*h + 8. What is g(-4)?
16
Let m(t) = -t**3 - 10*t**2 + 16*t - 44. Give m(-12).
52
Let d(v) = -3*v**3 - 3*v**2. Give d(-2).
12
Let t(l) = -l**3 - l + 1. What is t(0)?
1
Let r(f) = f**2 + 3*f + 4. Calculate r(4).
32
Let x(b) = -10*b - 42. Give x(-5).
8
Let c(d) = 21*d**3 + 2*d**2 + 3*d + 2. Determine c(-1).
-20
Let v(s) = -3*s + 6. Give v(13).
-33
Let y(h) = -h**2 - h + 9. What is y(-3)?
3
Let j(i) = -2*i**2 + 26*i + 39. Give j(14).
11
Let t(u) = 49*u + 87. What is t(-2)?
-11
Let r(l) = 2*l**2 - 4*l - 9. Calculate r(-4).
39
Let w(r) = -r**3 + r**2 - 3*r + 2. Determine w(0).
2
Let g(o) = o**3 - 20*o**2 - 2*o + 44. What is g(20)?
4
Let n(x) = -x**2 + 6*x + 60. Calculate n(-5).
5
Let i(m) = -49*m**2 - m. What is i(-1)?
-48
Let q(n) = 3*n + 23. Determine q(-4).
11
Let a(r) = -6*r + 19. Determine a(-8).
67
Let l(m) = -m**3 - 22*m**2 + 19*m - 98. Determine l(-23).
-6
Let o(b) = -3*b**2 - 5*b - 1. What is o(1)?
-9
Let y(f) = f**3 + 2*f**2 - 5*f + 2. Determine y(2).
8
Let v(k) = k**3 + 20*k**2 + 36*k + 13. What is v(-18)?
13
Let w(j) = j + 25. Give w(10).
35
Let f(z) = -z**3 - 2*z**2 - 4*z + 10. What is f(0)?
10
Let a(i) = i**2 + 18*i + 12. What is a(-15)?
-33
Let n(v) = -2*v**2 - 13*v + 16. Calculate n(-7).
9
Let g(l) = 15*l**3 + l**2 - 1. Calculate g(-1).
-15
Let m(p) = 4*p - 62. Give m(16).
2
Let l(v) = 6*v**3 + v**2 - 2*v - 3. What is l(-1)?
-6
Let n(p) = -29*p**2 + 1. What is n(1)?
-28
Let w(j) = 3*j - 4. Determine w(-3).
-13
Let f(p) = p**2 - 12*p - 8. What is f(14)?
20
Let u(y) = -y**3 - 6*y**2 + 3. Determine u(-6).
3
Let g(o) = -o - 58. Calculate g(0).
-58
Let l(b) = -3*b - 25. Give l(-7).
-4
Let l(a) = -50*a - 288. What is l(-6)?
12
Let n(o) = 10*o - 10. Determine n(6).
50
Let k(x) = x**3 - 13*x**2 + 19*x + 27. Calculate k(11).
-6
Let d(z) = 9*z + 39. Calculate d(-6).
-15
Let d(c) = 3*c + 9. Calculate d(-7).
-12
Let h(z) = 2*z - 3. What is h(6)?
9
Let p(z) = -4*z - 52. Calculate p(-15).
8
Let l(o) = o**3 - 10*o**2 - o - 101. What is l(11)?
9
Let z(t) = 35*t + 2. Give z(-2).
-68
Let f(p) = -2*p + 8. Calculate f(5).
-2
Let x(d) = -4*d + 2. Give x(2).
-6
Let n(l) = l**3 + 6*l**2 - 7*l. Give n(-6).
42
Let v(b) = -3*b - 22. What is v(-8)?
2
Let l(q) = -q**3 + 37*q**2 - 36*q - 9. Determine l(36).
-9
Let m(w) = w**3 - 21*w**2 + 20*w - 9. What is m(20)?
-9
Let s(o) = 18*o. What is s(2)?
36
Let y(v) = -8*v + 27. What is y(7)?
-29
Let k(z) = -5*z + 20. Give k(6).
-10
Let l(f) = 2*f**2 - f + 1. Calculate l(1).
2
Let n(l) = 3*l**3 + 9*l**2 + 5*l - 1. Give n(-2).
1
Let a(s) = -s**2 - 19*s + 21. Calculate a(-21).
-21
Let m(g) = 6*g**2 - 5*g - 10. What is m(-4)?
106
Let c(s) = 16*s + 146. What is c(-9)?
2
Let s(z) = 7*z**3 + 2*z**2 - z. Give s(1).
8
Let f(l) = -l**3 - 7*l**2 - 7*l - 12. Determine f(-6).
-6
Let w(j) = -j**2 - 14*j - 8. Give w(-14).
-8
Let h(v) = v**3 - 2*v**2 - 36*v + 10. Determine h(-5).
15
Let l(m) = 32*m - 127. Determine l(4).
1
Let a(m) = -m**3 + 7*m**2 - 2*m - 1. Give a(5).
39
Let w(p) = p**3 - 19*p**2 + 16*p + 30. Calculate w(18).
-6
Let j(k) = -9*k + 1. Give j(5).
-44
Let f(c) = c**3 - 3*c**2 - 3*c + 2. Determine f(5).
37
Let u(w) = -2*w**2 - 3*w - 5. Give u(-2).
-7
Let q(j) = -j**2 - 21*j + 42. Determine q(-24).
-30
Let l(m) = 6*m - 82. Calculate l(8).
-34
Let u(f) = 9*f + 536. Give u(-58).
14
Let p(t) = t**3 + t - 2. Determine p(0).
-2
Let z(i) = -i**2 - 54*i - 25. What is z(0)?
-25
Let q(y) = -y**3 + 5*y**2 - 3*y. Calculate q(3).
9
Let j(p) = 9*p - 121. Calculate j(14).
5
Let k(o) = -o**3 - 6*o**2 + 7*o - 4. Give k(-7).
-4
Let u(d) = 2*d**2 - 6*d - 17. What is u(5)?
3
Let m(b) = -49*b + 2063. Determine m(42).
5
Let p(t) = 4*t - 7. What is p(1)?
-3
Let s(r) = -r**2 - r + 7. Calculate s(-3).
1
Let d(j) 